 (-4 - h)?
1
Suppose -8*a - 20 = -5*x - 3*a, -x + 3*a + 2 = 0. Suppose x*p + 13 = 163. What is the remainder when p is divided by (39 + -41)*6/(-4) - (2 + -16)?
13
Let l(m) = 2*m**2 - 27*m + 15. Let h be l(13). Suppose -169 - 81 = -h*f. Let v = 185 - f. Calculate the remainder when 118 is divided by v.
58
Let d(n) = 25*n + 136. Let c be d(-5). Let z = c - -28. What is the remainder when 153 is divided by z?
36
What is the remainder when (-27012)/(-28) + 24/(-14) is divided by 245?
228
Suppose -74 = -3*q + 166. Suppose x - 6*x = -q. Suppose -8*w + 51 = r - w, 4*r = 5*w + 105. What is the remainder when r is divided by x?
14
What is the remainder when (-8)/(2/12*5/(-5)) is divided by 2/3*4*600/160?
8
Suppose 188*j = 326*j - 4002. What is the remainder when 2191 is divided by j?
16
Let t = -141 - -273. What is the remainder when 209 is divided by 286/4 - t/(-88)?
63
Suppose 4*p = -3*u + 5*p + 864, 1152 = 4*u + 3*p. Calculate the remainder when u is divided by 27.
18
Let n(b) = 2586*b - 2361. Calculate the remainder when n(1) is divided by 7.
1
Suppose 38*c - 5*c + 867 = 5058. What is the remainder when 3299 is divided by c?
124
Let t(h) be the second derivative of h**5/20 - 2*h**4/3 - h**3 + 32*h**2 - 3*h - 3. Calculate the remainder when t(9) is divided by 23.
22
Let d(b) = b**2 + 13*b + 17. Let y be d(-16). What is the remainder when 6/(y/(-40) + 2) is divided by 2*2 - (6 - 7)?
1
Let t = -4399 + 5138. Calculate the remainder when t is divided by 28.
11
Let f(o) = -32*o - 291. Suppose r - 52 = -3*r. What is the remainder when f(-11) is divided by r?
9
Suppose -209*p - 7295 = -210*p + r, p = -4*r + 7320. Calculate the remainder when p is divided by 67.
64
Suppose 293*w + 3830 = 303*w. Calculate the remainder when w is divided by 16.
15
Calculate the remainder when 2 - (-15 - 7) - -3989 is divided by 25.
13
Let c = 116 + -111. Let y(n) = -n**2 + n + 22. Let w be y(c). Suppose w*z - 356 = 4*d, -3*d + 100 = -5*z + 969. What is the remainder when z is divided by 29?
27
Let a be -2*(9 - 2) + 1. Let r(g) = -21 + 4*g - 6 - 9*g. What is the remainder when r(a) is divided by 10?
8
Suppose 3*i = l - 324, -l - 10*i = -7*i - 294. Let b = l - 240. What is the remainder when b is divided by (-4 - -3 - -2)*18?
15
Suppose 4*u - y - 42 = 26, 2*y = -2*u + 34. Let h(o) = -4*o**3 - o**2 + 5*o + 184. What is the remainder when h(0) is divided by u?
14
Let c = -6 - -11. Suppose -1486 + 320 = -11*n. Suppose -10*f - o + n = -6*f, -3*f + 4*o = -70. What is the remainder when f is divided by c?
1
Let i = -5 - -119. Suppose 0 = -p + 2*c + 22, 5*p = 2*c - 44 + i. What is the remainder when 18 is divided by p?
6
Let h = 2 + 11. Let m(s) = 2683*s + 29574. Calculate the remainder when m(-11) is divided by h.
9
Let t(h) = -2*h**2 + 30*h - 16. Let l be t(14). Suppose d + 2*d - 210 = 0. What is the remainder when d is divided by 423/l - 6/(-8)?
34
Let h(r) = 50*r + 3105. What is the remainder when h(0) is divided by 148?
145
Suppose -5*t - 61047 = -89*t - 87*t. Calculate the remainder when 1438 is divided by t.
10
Let z(n) = n**3 + 10*n**2 - 310*n + 149. Let t(f) = 3*f**2 - 3*f - 1. Calculate the remainder when t(-3) is divided by z(13).
5
Let r = 8702 - 8389. What is the remainder when 7508 is divided by r?
309
Suppose 2*k - 2*g - 87 = g, -3*k + 2*g = -118. Let y = 585 - 514. What is the remainder when y is divided by k?
35
Let k = -24793 + 25796. Calculate the remainder when k is divided by 15.
13
Let h = 56 + -39. Calculate the remainder when 23*1 + -21 + h is divided by (-2 - 0)*(-15)/6.
4
What is the remainder when (-78)/169 - 13669/(-13) is divided by 31?
28
Suppose -2*f - 2*d + 74 = -3*d, -2*f = d - 70. Suppose 0 = 235*r + 1989 - 3597 - 31997. Calculate the remainder when r is divided by f.
35
Let j(v) = -v**3 + 2*v + 1 + 0*v**3 - 4*v**3. Let y(t) = -2*t**3 + 50*t**2 - 470*t + 10198. Calculate the remainder when y(24) is divided by j(-2).
33
Let q = 3914 - 3877. What is the remainder when -3*456/(-9)*(0 - -1) is divided by q?
4
Suppose 60*c + 432 = 42*c. Calculate the remainder when 150 is divided by (36/3)/(-12) - (c - -1).
18
Suppose -12*p + h = -17*p + 147, 89 = 3*p + h. Calculate the remainder when 1709 is divided by p.
27
Let n = -5623 + 5656. What is the remainder when 809 is divided by n?
17
Let p(b) = 5*b - 15. Let l be p(4). Suppose -3*j + 5*q = -37, -3*j - 4*q - 4 - 4 = 0. Suppose 13 = j*t + l. What is the remainder when 5 is divided by t?
1
Let j be (-3 - -3)*((-55)/20)/11. Suppose 5*t = 2*t - f + 24, -2*f + 6 = j. What is the remainder when 32 is divided by t?
4
Suppose -4*l = 5*d - 16 - 70, -4 = -2*d. Suppose -5*h = -3*k - 794, l*k + 791 = 5*h + 17*k. Calculate the remainder when h is divided by 31.
2
Let g(r) = 22*r**2 - 5*r + 7. Let i be g(4). Suppose -27 + i = 8*z. Suppose 10 - 30 = -2*u. Calculate the remainder when z is divided by u.
9
Suppose k - 3*j + 117 = 0, 2*k - 7*k = 2*j + 500. Let x = k + 148. What is the remainder when x is divided by (-85)/(-51)*(284/20 - (-8)/10)?
21
Let z(c) = 5*c**3 - 8*c**2 + 15*c - 5. Let u be z(4). Let j = -138 + u. Calculate the remainder when j is divided by 10.
9
Suppose 0 = -2*w - 2*n + 18, -5*n - 7 = 2*w - 13. Suppose 0 = w*v - 14*v + 49. What is the remainder when v is divided by 23?
3
Suppose 3*t = 2*g + 222, -4*g - 22 + 82 = t. Suppose -2*v = -3*d - 1, -31 = -4*v - 4*d + 21. What is the remainder when 1/2 - (-2628)/t is divided by v?
5
Let j be 3565/(-11) - 13/(-143). Let a = -277 - j. What is the remainder when a is divided by 12?
11
Let w be 72/(-48) + ((-3)/(-6) - 0). What is the remainder when 380 is divided by 10/((-2 - 60/(-33))*w)?
50
Let z be (2/2 + -2)*(95 + -260). Let b be 1 + 243 + 2/(-1). Let m = b - z. Calculate the remainder when m is divided by 20.
17
Suppose 5*g = 112 - 27. What is the remainder when g is divided by (66/(-33))/(1/(-4))?
1
Suppose 6*t - 183 = -15. What is the remainder when 166 is divided by t?
26
Suppose 2*y - 28 = 4*o, -3*y = -3*o - 60 + 9. Let z = 6 - 1. Calculate the remainder when y is divided by -4*((-216)/32 + z).
6
Let i(q) = 32*q - 71. Suppose -a + 2*a - 15 = 0. Let v = 27 - a. What is the remainder when i(4) is divided by v?
9
Suppose -12*r = -17*r + 3*o + 327, 4*r + 5*o = 269. Calculate the remainder when 302 is divided by r.
38
Let k be 174/(-15) - 8/20. Let i = k + 20. Calculate the remainder when i is divided by (-6)/8*((14 - 15) + -3).
2
Let b be (-12)/(36/(-717)) - 5*1. Suppose 0*a + 13*a - b = 0. Suppose 0 = 2*s - 5*g + 12, 4*g = s + 3*s. Calculate the remainder when a is divided by s.
2
Let x be ((-72)/20 - -3)/((-1)/15). Suppose 0 = 6*f + x*f - 195. Let s = -40 + 142. What is the remainder when s is divided by f?
11
Suppose 0 = -37*d + 324 + 897. Suppose 266 = -d*p + 794. What is the remainder when p is divided by 15?
1
Let l(a) = a**2 - 18*a + 16. Let o be l(17). What is the remainder when (o - 4/(-6))/(44/(-60852)) is divided by 66?
65
Suppose -825*l + 817*l = -5448. Calculate the remainder when l is divided by 87.
72
Let d(t) = t**2 - 24*t + 63. Let j be d(4). What is the remainder when j/(4/36*-3) is divided by 15?
6
Let g(k) = -449*k - 6528. What is the remainder when 1404 is divided by g(-15)?
162
Suppose 471*f - 459*f = 924. What is the remainder when f is divided by 6/(-27) - (-182)/9?
17
Suppose -3*c - 2*z = -102, 0*c + 2*z = 3*c - 114. Let g = 1532 + -1537. Let y = c + g. What is the remainder when y is divided by 16?
15
Suppose -3*g = -5*i - 187, -i + g = 2*g + 39. Let h be (i + (-6 - -4))*(-4)/10. Suppose 14 + h = 2*f. Calculate the remainder when 57 is divided by f.
12
Suppose -2*i + 5*g - 561 = 0, -2*g + g - 277 = i. Let q = -223 - i. What is the remainder when q is divided by 28?
27
What is the remainder when 2306 is divided by 9 - ((-63)/13 - 4/26)?
10
Let z(y) = -y**3 - 10*y**2 + 26*y + 32. Let p be z(-12). Calculate the remainder when 45 is divided by 13 + 1 + -6 + p.
13
Suppose 863679 + 330127 = 59*i. Calculate the remainder when i is divided by 19.
18
Suppose 2*i - 135 = y + 40, -6 = 3*i. Let n = -159 - y. Calculate the remainder when n is divided by 11.
9
Let h be (-20)/(-9) - (-18)/(-81). Suppose 2*d = 2*t + 110, 0*d + h*d - 3*t - 113 = 0. Calculate the remainder when (-2)/((-7760)/(-1295) + -6) is divided by d.
51
Let w = -24 + 237. Supp